 ((-15 - -5) + 1)) + -5?
-1
Calculate -10 + 18 + 5 + -10 + 3.
6
Evaluate -6 + (-5 - (-2 + -6)).
-3
What is 72 - 81 - (-4 - -1)?
-6
What is -6 - -5 - (-5 + 5)?
-1
What is the value of -5 - (-4 - -3 - (2 + -4))?
-6
Evaluate (14 - -1) + (51 - 61).
5
What is 2 - 5 - (-6 - -2 - -2)?
-1
4 + -1 + -4 - -3 - 7
-5
Evaluate 5 + -1 + -5 + 4.
3
4 + -11 + 0 + 1 + 3
-3
What is -32 + 15 + -1 + 13?
-5
(-5 + 0 - 3) + 3
-5
9 + -3 + -4 - 4
-2
What is the value of -7 - -1 - (-2 + 0)?
-4
Evaluate 6 + 1 + -11 - (2 - 4).
-2
Calculate (-2 - (-2 - 0) - -2) + -5.
-3
Calculate -4 + (6 - (-1 + 8)).
-5
Evaluate -3 + -1 - (3 - 7).
0
Calculate -1 + 9 + (1 - 4).
5
Evaluate 4 + 7 + -2 + -6.
3
What is the value of (-5 - 2 - -4) + 0 + -1?
-4
3 - 3 - (-4 + 0) - 5
-1
What is 6 + -4 + -3 + -2 + 0?
-3
What is 2 + -7 + 8 + 2 + -7?
-2
What is the value of 3 + 0 + (-4 - -5)?
4
Evaluate 6 - (-1 + 6 + -6 + 7).
0
Calculate -12 + 29 + -6 + -11.
0
Calculate -4 + 2 + -1 + -1.
-4
What is the value of 5 + -8 + -1 - (0 + -1)?
-3
What is (3 - (19 + (-6 - 2))) + 9?
1
Calculate (-3 + 7 - 10) + (-9 - -7).
-8
Calculate 5 - (-1 - ((2 - 1) + -3)).
4
Calculate -7 - (-6 - -2) - -3 - 0.
0
Evaluate 3 - 14 - (-37 + 29).
-3
What is (2 - (-1 + 2)) + (-5 - -7)?
3
7 + (-1 - 5) - (0 + 2)
-1
What is 3 + -9 + (37 - 32)?
-1
Calculate (-3 - 5) + 9 + -1.
0
What is the value of 7 - (9 + -5 + -1)?
4
-7 + (8 - 5) - 2
-6
Calculate -17 - -19 - (1 - 3) - 4.
0
24 + -12 + 4 + -5
11
What is 4 + (-2 + 4 - 9) + 0?
-3
-1 + (6 - (4 - -2))
-1
Calculate -2 + -1 + 0 - -5.
2
What is the value of (0 - -1) + (-8 - -6)?
-1
What is the value of (0 - (-3 - -5)) + 3 + -4?
-3
Evaluate -1 + 0 - (4 + -7).
2
-13 - (7 - -1 - 19)
-2
What is 0 - ((-2 - -3) + 1)?
-2
Evaluate -3 + 0 + (16 - 16).
-3
What is (-12 - -19 - 2) + -8 + -2?
-5
What is -2 + 1 + 1 + (1 - 3)?
-2
What is -6 - (-9 + -5 + (5 - 3))?
6
What is the value of (7 - (4 - 0)) + 1 + 1?
5
Evaluate 0 - (6 - 5 - -2).
-3
What is the value of 3 - (-3 - (0 + -4))?
2
-1 - 3 - -4 - 5
-5
What is the value of -10 + 11 - 1 - 1?
-1
What is the value of 3 - (14 + -5 + -5)?
-1
What is the value of -2 + 0 + 7 + -1?
4
Calculate -1 + 5 + -7 + -2.
-5
2 + -4 + 1 + 0
-1
What is the value of (0 - -6) + -2 + -1?
3
What is the value of 8 + -5 + -3 + 7?
7
What is (1 - (1 + 0)) + (12 - 10)?
2
What is 3 + (1 + -20 - -11)?
-5
Evaluate -9 - -2 - (-5 + 0 + 2).
-4
Calculate -8 + 12 - (1 - (-2 - -1)).
2
What is the value of 4 + -2 + 2 + (-44 - -40)?
0
Evaluate -31 + 39 + (-11 - 2).
-5
What is 2 + -2 - (31 + -35)?
4
Evaluate (-3 - (5 - 16)) + -8 - 1.
-1
What is (5 - 0) + -3 + (-3 - 0)?
-1
What is 17 + 2 + (-82 - -69)?
6
What is the value of (-1 - -5) + (-20 - (-9 + -2))?
-5
Evaluate 3 - 2 - (-3 + -3 + 6).
1
Calculate (-1 - -2) + 1 - (45 + -39).
-4
Calculate 10 + -10 - 4 - 4.
-8
What is (-1 + 4 - (4 - 8)) + -3?
4
Calculate -2 + (0 - 0) - (1 - -2).
-5
What is the value of -3 + 10 + (-9 - -6)?
4
Evaluate -2 + 0 + 7 + -4.
1
What is the value of 8 + (0 + -6 - 0)?
2
What is the value of -1 + -1 + (25 - 22)?
1
Evaluate 4 + -3 - (-3 + (0 - -2)).
2
-3 + (-4 - -3 - -2) - -7
5
Evaluate 10 + (4 + -9 - -3).
8
Evaluate 1 + 2 + (-4 - 0).
-1
Evaluate -12 - -10 - (-2 - -1) - -4.
3
Calculate 11 + 6 + -4 + -16 + 7.
4
What is the value of 10 - 10 - -3 - (-2 - -1)?
4
Evaluate (198 - 197) + 6 + -1 + -1.
5
Evaluate -6 - (-16 - (-4 + 0)).
6
What is the value of (-12 - -1) + (-18 - -33)?
4
What is the value of (10 - 8) + -3 - 5?
-6
Calculate 2 + -3 + -4 + 0.
-5
What is the value of (-1 - -4) + (37 - 37)?
3
Evaluate -7 - (-15 - (6 + -13)).
1
Calculate 6 + (2 - 6 - -1).
3
What is the value of 7 + (4 - -6) + -18?
-1
What is the value of (14 - 10) + 6 - 7?
3
3 + (8 + -9 - -4)
6
Calculate (-96 - -98) + 1 + 0.
3
Evaluate 1 + (-6 - -5) + 4 + -12.
-8
What is the value of 1 + 0 - (-29 + 12 + 9)?
9
Evaluate (9 - 4) + -5 + -4.
-4
What is the value of 4 - 0 - (-1 + 7)?
-2
What is the value of 2 - ((-9 - -5) + 2)?
4
What is -92 + 95 + 1 + -14?
-10
1 + (2 - (-1 + 0 - -3))
1
Evaluate -4 - (0 - (7 + -5 + -1)).
-3
Evaluate 3 + -7 + 4 + 4.
4
What is the value of (-5 - -3) + -1 + 0?
-3
Evaluate -1 + -6 + (-5 - (3 - 10)).
-5
Calculate (0 - 0) + -3 + (-1 - -9).
5
3 + 6 - -3 - (6 + -2)
8
Evaluate 1 + (4 + -2 - (5 + 0)).
-2
What is -3 + 0 + 3 + 3?
3
Calculate 2 - 2 - (-11 + 10).
1
Calculate 12 + -8 + 1 + 0.
5
What is the value of 3 + -5 + 2 - 0?
0
What is the value of -1 + -2 + 0 + (-1 - 0)?
-4
What is the value of 8 - (-1 + (9 - 6) + 2)?
4
Evaluate -4 + -5 + 9 + -7 + 0.
-7
Calculate 5 + 9 + -13 + -6.
-5
Calculate (0 - 11 - -4) + (1 - -2).
-4
What is the value of 1 + 0 + (-8 - 0)?
-7
Evaluate 2 - 5 - 1 - -6.
2
(0 - -2 - (2 - -1)) + 0
-1
-14 + 10 + -1 + -2 + 3
-4
What is 8 - 3 - (3 + -1)?
3
3 + -2 + -6 - -2
-3
-9 + -7 + 7 + 4
-5
Calculate (0 - (11 + -1)) + (-73 - -80).
-3
Evaluate 10 + 6 + -2 + -7.
7
Calculate -1 + -1 + 19 + -21 + 0.
-4
What is the value of (-6 - (5 + -2 - 18)) + -2?
7
What is the value of 0 + (-16 - -10) + 2 + -1?
-5
Evaluate 16 - 12 - -1 - 8.
-3
4 - (9 - 2) - (2 - 0)
-5
What is -3 + (-4 - -5) - 2?
-4
Evaluate -4 - (0 + 13) - -11.
-6
-4 + (-5 - (2 + -2 + -14))
5
Evaluate -39 - -43 - (2 + -2).
4
Evaluate 7 - (14 + 2) - -9.
0
What is the value of (2 + 0 - (2 + 2)) + -3?
-5
Evaluate 11 + -12 + 6 - 0.
5
Calculate 0 - 6 - (-10 - (-5 - -4)).
3
Calculate (-3 - (-10 - -5)) + (0 - -6).
8
Evaluate 2 + 2 + -2 - (1 + -4).
5
What is the value of -6 + 0 - (0 + 7 - 16)?
3
Calculate 5 + (29 - 26 - (-1 - -6)).
3
Calculate -9 - (12 - 10) - -3.
-8
Evaluate -9 + (8 + -10 - 0).
-11
(-299 - -292) + (16 - (1 + 0))
8
What is the value of (-4 - (0 + -5 + 1)) + 2?
2
What is -4 - -8 - 4 - -5?
5
-7 + 10 + -11 - -8
0
Evaluate 4 + 0 + -4 + 1.
1
(1 + -11 - -6) + -1 + 1
-4
Calculate (2 - (5 - -4)) + 4.
-3
What is (-10 + (4 - -2) - 4) + 4?
-4
2 + -2 - (-12 + 3 + 6)
3
What is 2 + 4 + 2 - 11?
-3
Calculate -2 + (-5 + 6 - 2).
-3
What is 4 + 3 - (-1 - -6)?
2
Calculate 6 - (-3 - 4 - -6).
7
What is -2 + (-6 - (1 - 4))?
-5
Evaluate -9 + 11 + -3 + -4.
-5
-9 + -4 + 8 + 2 + 8
5
Evaluate 6 - 2 - 2 - (-19 + 17).
4
What is the value of 13 - 7 - 0 - 3?
3
What is the value of -10 + -3 + -3 + 11?
-5
What is the value of 0 + 2 + -3 + 8 + -5?
2
Calculate (-5 - (-17 - (-10 - -5))) + -2.
5
Evaluate 7 + 1 + 109 + -118.
-1
What is -4 - (6 + -9 + 2)?
-3
Calculate 13 + -15 - (-1 + -2) - 1.
0
What is the value of -1 - ((-12 - -11) + 1 + 4)?
-5
What is -7 + -9 + 0 + 9?
-7
5 - (6 + 1 + 5 - 4)
-3
Evaluate 1 - -12 - (8 + -2).
7
What is the value of 8 + -20 - ((-3 - 0) + -4)?
-5
Evaluate 4 + 0 - (16 - 15).
3
-11 + 9 + (4 - 0)
2
What is the value of (-11 - -4) + (12 - 6)?
-1
Calculate -3 + 5 + -2 - (0 + -4).
4
What is -2 + -2 - (-12 - 1 - -1)?
8
Evaluate 2 + (3 - 3 - -2 - 8).
-4
Evaluate 0 + -1 + -1 + 1 + 0.
-1
Calculate 4 + (-5 - -2) - 4.
-3
-2 + 5 - ((8 - 5) + 1)
-1
Calculate 1 - (-4 - (-2 - -2)).
5
Calculate 0 + (-12 - -6) + 2.
-4
1 + (8 - 4 - 6)
-1
Calculate -12 - (-10 + (5 - 4)).
-3
Evaluate 4 - (17 - (7 - 3)) - -3.
-6
What is the value of -12 + 24 - (3 - -6)?
3
What is 3 + -2 + (11 - 17)?
-5
What is (0 - 1 - -1) + 0 + 5?
5
Evaluate 5 + (-5 - (3 + -6)) - 10.
-7
What is -1 + (-1 - -2) - (-140 - -136)?
4
2 + -4 - -5 - (4 + -1)
0
What is the value of -2 + 7 + -2 + -2?
1
Calculate (-8 - (-4 + -2)) + -2 + 2.
-2
What is 3 - ((3 - -1) + 0) - 3?
-4
What is -7 + (-1 + 5 - -8)?
5
Evaluate 0 + -4 + 5 + -1.
0
Calculate 5 + -6 + (-2 - 0) + -7.
-10
What is the value of (-3 - -1 - 5) + 4?
-3
What is the value of (1 + 1 - (-17 + 22)) + 3?
0
Calculate 4 + 5 + -3 + -5.
1
What is 52 + -44 - (1 - (0 - 2))?
5
What is -5 + -1 + (11 - 7)?
-2
Calculate (16 - 4 - 15) + (1 - -3).
1
What is 2 + -2 - (-2 - (0 + 3))?
5
(4 - (6 - 2)) + -3
-3
Calculate 46 - 51 - (-2 - -4).
-7
Evaluate -10 + 9 - (2 - (5 + 1)).
3
Calculate -21 + 27 + (0 - 10).
-4
Evaluate -1 - (3 + -3) - 1.
-2
What is -3 + (-2 - (-2 - 3))?
0
What is the value of 2 + -8 - (10 + -15)?
-1
Evaluate -2 - 0 - (-17 + 12).
3
Evaluate 0 - (4 + -1) - (17 + -21).
1
Evaluate 4 + 1 + -146 + 136.
-5
8 + -1 - (-4 + 6)
5
1 + 3 + 0 + (17 - 17)
4
Calculate (-1 - -10) + 236 + -239.
6
What is -6 + 1 - (0 + -4) - -5?
4
What is the value of 1 + (4 - 6) + (0 - 1)?
-2
(13 - 16) + (-1 - -5 - 2)
-1
10 + (-9 - 1) + -1 + 6
5
Calculate 2 + 2 + -6 + (-6 - -3).
-5
What is the value of -8 + 8 + (5 -